e
Is 40609 composite?
False
Is 88076089 a composite number?
True
Is 1855643 prime?
False
Is 3156049 a composite number?
True
Is 18041363 composite?
False
Is 1417709 a composite number?
True
Is 67515731 a prime number?
True
Is 215611421 a prime number?
True
Is 55667123 a composite number?
False
Is 56795581 prime?
True
Is 253471817 composite?
False
Is 10479409 prime?
False
Is 1135529 prime?
False
Is 16420447 a prime number?
True
Is 147475171 a composite number?
False
Is 1549129391 a composite number?
False
Is 180049017 prime?
False
Is 505671143 composite?
False
Is 57928999 a composite number?
False
Is 1397093 prime?
False
Is 38317529 a composite number?
False
Is 65895497 prime?
False
Is 8679001 composite?
True
Is 169019 prime?
True
Is 83047309 composite?
True
Is 34856467 a prime number?
True
Is 18139811 composite?
False
Is 161653889 prime?
True
Is 110989 a composite number?
False
Is 1423829 prime?
False
Is 242442901 a prime number?
False
Is 1453307 prime?
True
Is 163615679 a prime number?
True
Is 51840077 composite?
True
Is 8511037 a composite number?
False
Is 86043351 composite?
True
Is 7908863 a prime number?
False
Is 5918251 a prime number?
True
Is 58060169 composite?
False
Is 1114349 prime?
True
Is 263664883 a prime number?
False
Is 1930879 prime?
True
Is 518122195 a prime number?
False
Is 4950499 a prime number?
True
Is 1186487 prime?
False
Is 5384102 composite?
True
Is 2441717 prime?
True
Is 7492031 a prime number?
True
Is 45458669 composite?
False
Is 11822809 composite?
False
Is 282323365 a prime number?
False
Is 8666711 a prime number?
True
Is 20580347 a prime number?
False
Is 14209583 a prime number?
True
Is 23470841 prime?
True
Is 3453491 a composite number?
True
Is 36855457 prime?
True
Is 80513 prime?
True
Is 15070049 a composite number?
False
Is 3743141 a composite number?
False
Is 157996639 composite?
False
Is 82127086 a composite number?
True
Is 21803233 prime?
False
Is 3392089 a composite number?
True
Is 28106473 composite?
False
Is 5011823 composite?
True
Is 153394 a prime number?
False
Is 130822091 a composite number?
True
Is 6371939 prime?
False
Is 18801197 a composite number?
True
Is 182863 prime?
False
Is 184073863 a composite number?
False
Is 2485601 a prime number?
False
Is 395377 a prime number?
True
Is 41702191 prime?
True
Is 15119317 a composite number?
True
Is 665981 composite?
False
Is 11908529 prime?
True
Is 580451 composite?
True
Is 70061263 prime?
True
Is 1694831 prime?
True
Is 4130185 composite?
True
Is 86121769 a prime number?
False
Is 11751731 a composite number?
False
Is 44351 a composite number?
False
Is 8780861 prime?
True
Is 61723289 composite?
True
Is 589683 a prime number?
False
Is 551059 a composite number?
False
Is 809623 a composite number?
True
Is 276824369 prime?
False
Is 13031617 composite?
False
Is 112679939 a prime number?
True
Is 69753289 a composite number?
False
Is 157271759 a composite number?
True
Is 2720441 a prime number?
True
Is 146409619 composite?
False
Is 1741799 a prime number?
False
Is 76886699 a prime number?
False
Is 2283937 composite?
False
Is 864407 composite?
False
Is 19682293 composite?
False
Is 814409357 prime?
False
Is 15466597 composite?
False
Is 225459673 a composite number?
False
Is 25644299 a composite number?
False
Is 223303271 prime?
True
Is 5610743 composite?
False
Is 4214173 a prime number?
True
Is 3467437 a composite number?
False
Is 26886389 a composite number?
False
Is 7744127 a prime number?
True
Is 117384959 composite?
False
Is 1264187 prime?
False
Is 1618067 a composite number?
True
Is 614723 composite?
True
Is 1460593 a composite number?
False
Is 77816551 a composite number?
False
Is 177229537 composite?
False
Is 17508917 a prime number?
True
Is 11890793 prime?
False
Is 847677 prime?
False
Is 23191769 prime?
True
Is 29315101 a prime number?
True
Is 14662807 composite?
False
Is 94679 prime?
False
Is 17768441 a prime number?
False
Is 1597943 a prime number?
True
Is 352178687 composite?
True
Is 19036469 a composite number?
False
Is 8597294 a prime number?
False
Is 893453501 a prime number?
True
Is 323302529 composite?
True
Is 189061 prime?
True
Is 60729259 prime?
False
Is 1011149 a composite number?
True
Is 66275213 a prime number?
False
Is 8968499 a prime number?
True
Is 2853961 a prime number?
False
Is 44114615 a prime number?
False
Is 21381027 a composite number?
True
Is 47444842 a composite number?
True
Is 5812831 prime?
False
Is 1060645791 a composite number?
True
Is 3169817 composite?
True
Is 314112377 a prime number?
False
Is 322213 a prime number?
True
Is 365185147 a composite number?
True
Is 42962027 prime?
True
Is 76231 a prime number?
True
Is 305448229 a prime number?
False
Is 16479311 prime?
False
Is 258597037 composite?
False
Is 87886893 a prime number?
False
Is 2003909 composite?
True
Is 54027277 a prime number?
True
Is 28270757 composite?
False
Is 60176201 a composite number?
True
Is 197419731 a composite number?
True
Is 2295113 composite?
False
Is 825857 composite?
False
Is 81843281 a composite number?
True
Is 2351035 a prime number?
False
Is 1066609 a composite number?
True
Is 39527969 composite?
True
Is 112250773 a composite number?
False
Is 591515051 prime?
False
Is 253082633 prime?
True
Is 6894691 a prime number?
False
Is 45625339 composite?
True
Is 11264621 a prime number?
False
Is 1796413 prime?
True
Is 106649 composite?
False
Is 739331357 a composite number?
False
Is 23683417 composite?
False
Is 225570347 prime?
True
Is 11666983 a composite number?
False
Is 4818347 prime?
True
Is 1159069 composite?
True
Is 26713195 a composite number?
True
Is 15963113 a prime number?
False
Is 98202007 a composite number?
False
Is 1719769 a composite number?
True
Is 148197607 prime?
False
Is 9562171 composite?
False
Is 13593313 a composite number?
True
Is 164667907 a prime number?
True
Is 7257293 a prime number?
True
Is 19650703 a prime number?
True
Is 1761629 prime?
True
Is 119210417 composite?
False
Is 28365229 a prime number?
False
Is 57642055 a composite number?
True
Is 7243943 a composite number?
True
Is 34873921 prime?
False
Is 6029 composite?
False
Is 6483941 composite?
False
Is 85399421 prime?
True
Is 2106523 a composite number?
False
Is 28551101 a prime number?
True
Is 241262821 prime?
False
Is 29537759 a prime number?
True
Is 595351 composite?
False
Is 1089383 a prime number?
True
Is 92478077 a composite number?
False
Is 23384057 a prime number?
True
Is 7283 a composite number?
False
Is 6519757 composite?
False
Is 201887111 composite?
True
Is 8524921 composite?
True
Is 5918863 a composite number?
False
Is 12534583 prime?
False
Is 69133901 a composite number?
False
Is 1545851 a prime number?
False
Is 115743629 a composite number?
False
Is 10351529 a composite number?
False
Is 4927279 prime?
False
Is 350671 a prime number?
False
Is 12805723 a composite number?
True
Is 6405797 prime?
True
Is 7766423 composite?
True
Is 2203771 a prime number?
True
Is 901264939 a composite number?
False
Is 18485983 composite?
True
Is 676337 a composite number?
False
Is 37750543 a composite number?
False
Is 86325539 a composite number?
True
Is 43133497 a prime number?
False
Is 8480851 a composite number?
False
Is 19609091 composite?
True
Is 21590617 a prime number?
True
Is 26540769 prime?
False
Is 144193841 composite?
True
Is 1666607 a composite number?
False
Is 36466886 a prime number?
False
Is 19270169 composite?
False
Is 368609 composite?
False
Is 190450023 prime?
False
Is 41016799 prime?
True
Is 48597337 prime?
True
Is 48216967 prime?
True
Is 3812917 composite?
True
Is 2205781 prime?
False
Is 70057857 prime?
False
Is 209082437 composite?
True
Is 1108447 composite?
False
Is 53892593 a prime number?
True
Is 185937 composite?
True
Is 6063251 prime?
True
Is 18568646 composite?
True
Is 389237039 a prime number?
True
Is 9686123 a prime number?
False
Is 611791 a composite number?
False
Is 304347 a prime number?
False
Is 2026993 a prime number?
False
Is 212919689 composite?
False
Is 48842026 composite?
True
Is 68011057 prime?
True
Is 354502321 a prime number?
True
Is 3175927 composite?
False
Is 6359245 a composite number?
True
Is 256130473 a composite number?
False
Is 9261953 composite?
True
Is 2555911 prime?
True
Is 242863 a composite number?
False
Is 35284187 prime?
True
